f 66/d*(-80)/(-6)?
6
Suppose 5*m = v + 5, v + 5 = 6*v + 5*m. Let c = -34 - -39. Suppose -4*b = c*y - 50, 3*b - 37 = -v*b - 4*y. What is the units digit of b?
5
Suppose 23463 + 31512 = 25*p. What is the units digit of p?
9
What is the tens digit of 264/((5/120)/((-1)/(-9)))?
0
Let d = -6 + 8. Let f be (1/d)/((-3)/(-72)). Suppose -j = -f - 0. What is the units digit of j?
2
Suppose 0 = -8*y + 3*y - 20, 0 = -4*r - 2*y + 992. What is the units digit of r?
0
Suppose -18*o = -15269 - 139. What is the units digit of o?
6
Let i = 153 + 530. Suppose i = 6*g - 1021. What is the hundreds digit of g?
2
Let b(o) = o**3 - 3*o**2 + 7*o - 6. Let j = -15 - -19. Let f be b(j). Let l = f - 7. What is the tens digit of l?
3
Let t = -910 + 1658. Suppose 15*n = -t + 2413. What is the hundreds digit of n?
1
Suppose 6*u = -0*u + 24. What is the units digit of 4 + 1 + u + -4?
5
Let g = -375 + 729. What is the hundreds digit of g?
3
Suppose -5*d + n = 2*n - 42, 0 = -3*d - 5*n + 34. Suppose 5*o - 64 = -2*u, -o + 4*u + d = 2*u. What is the units digit of o?
2
Let k(a) = -4*a**3 - 8*a**2 - 13*a - 5. Let m(h) = -7*h**3 - 17*h**2 - 26*h - 10. Let c(y) = 5*k(y) - 3*m(y). What is the tens digit of c(-9)?
5
Let r(j) = -46*j**3 + 2*j - 6. Let p(a) = 92*a**3 - 5*a + 13. Let z(m) = 4*p(m) + 9*r(m). What is the units digit of z(-1)?
6
What is the hundreds digit of (-6*1268/30)/(10/(-25))?
6
Let x(q) = q**2 + 6*q - 10. Let n be x(-8). Suppose -3*k + 0*k = -n. Suppose -10 = -k*y + 16. What is the units digit of y?
3
Let a(f) = -5*f**2 - 7 + 2 - 5*f**3 - 4*f - 2*f**3 + 6*f**3. Let p be ((-1)/2)/(2/24). What is the tens digit of a(p)?
5
Suppose 3 - 1 = -n, 5*n = 4*s - 794. What is the hundreds digit of s?
1
Let z(i) be the second derivative of 0 - 3*i - 9/2*i**2 + 0*i**3 + 2/3*i**4 + 1/20*i**5. What is the units digit of z(-7)?
0
Suppose 0*j + 24 = 4*j. Suppose 3*w - j*w = -126. Let q = -22 + w. What is the tens digit of q?
2
Let r = 154 + -53. Suppose 27 - r = -2*v. What is the tens digit of v?
3
Suppose -2*v = -2*r + 5*r + 6, -6 = -4*r + 2*v. Suppose 8*l - 4*l - 444 = r. What is the units digit of l?
1
Let t(m) = m**3 - 7*m**2 + 5*m + 5. Let d be t(6). Let o(f) = 10 + 59 - 22*f - 68. What is the units digit of o(d)?
3
Suppose 2*j - 29 = -5*l, -2*j - 3*l + 19 = -4. Let c = j - -10. What is the units digit of c?
7
Let k = -2 - -2. Let b(w) = w**3 - 9*w**2 + 58*w - 6. Let i be b(6). Suppose 2*v - 4*p - 117 + 15 = k, 3*p = 5*v - i. What is the units digit of v?
5
What is the hundreds digit of (-52)/32*-20*138/5?
8
Suppose 5*w = 7*w + 358. Let b = -86 - w. What is the tens digit of b?
9
Let y(k) be the third derivative of 27*k**6/40 + k**5/30 - k**4/12 + k**3/6 - 3*k**2. Let s be y(1). Suppose 0*r = 2*r - s. What is the units digit of r?
1
Suppose 0 = -4*g + 5 + 7. Suppose a - 4 = -2*s, -g*s + 16 = 2*a + 2*a. Suppose -a*z = -7*z + 99. What is the tens digit of z?
3
Suppose 0 = 51*d - 48*d - 855. What is the hundreds digit of d?
2
Let k = 6462 - 4505. What is the hundreds digit of k?
9
Suppose -z = 24 - 29. Suppose -z*c + c + 2*g + 6 = 0, -g - 11 = -4*c. Suppose -5*h + 148 = 2*r, 5*r = c*r - 2*h + 74. What is the tens digit of r?
7
What is the thousands digit of (-186144)/(-60) - (-6)/(-15)?
3
Let t(u) = 2*u + 26. Let a be t(-12). Suppose -a*g = -4*n - 296, 5*g + 2*n - 6*n - 746 = 0. What is the tens digit of g?
5
Let t(b) be the second derivative of b**3/3 + 21*b**2/2 + 49*b. Let g be 1 - (0 + 2 - 1). What is the units digit of t(g)?
1
Let a be (-214)/(-3) + (-10)/(-15). Let s be (-8)/14 + a/(-21). What is the units digit of 6/s*8/(-3)?
4
Let d be 4/7*(-259)/(-2). Let v = d - 43. What is the tens digit of v?
3
Suppose -h - 7 = t, -3*t + 3*h = t + 56. Let o = 200 + -177. Let g = o + t. What is the units digit of g?
2
Suppose 5*w + 1 = 3*j + 20, -8 = -4*j. Let n(t) = 27*t - 8. What is the units digit of n(w)?
7
Suppose 625 = 4*h - 31. What is the tens digit of (11/2)/(3 + h/(-56))?
7
Let g = -1170 + 2353. What is the tens digit of g?
8
Let x(d) = 3*d**2 + 18*d**3 - 1 + 0*d**2 - 1 + 2*d. What is the units digit of x(2)?
8
Let s = 2343 - -3166. What is the hundreds digit of s?
5
Let j = 1222 + -872. What is the hundreds digit of j?
3
Let d = 3 - 1. Suppose 440 = 5*a + 4*p + p, d*a - 180 = -4*p. What is the tens digit of a?
8
Let h(i) = 2*i**2 + 8*i. Let w be h(-15). Suppose 4*v - 6*v = u - w, 0 = 4*u + 5*v - 1332. What is the hundreds digit of u?
3
What is the units digit of 15*(5616/(-30))/(-6)?
8
Let i = -1859 + 6577. What is the hundreds digit of i?
7
Let v = 245 - 231. Suppose 3*n - 23 = -2*m + 47, 4*n + m = 95. Let f = n - v. What is the tens digit of f?
1
Let w(i) = 132*i**2 + 17*i + 2. What is the units digit of w(3)?
1
Suppose -3*j + 12 + 9 = 0. Suppose j*n - 80 = 81. What is the units digit of n?
3
What is the hundreds digit of (-71125)/(-55) - (-6)/(-33)?
2
Let t(f) = -3*f**3 - 3*f**2 - 3*f + 2. Let x(j) = j**3 - 9*j**2 + 14*j + 1. Let o be x(6). Let u = o + 20. What is the tens digit of t(u)?
6
What is the units digit of 14488/40 + (-1)/(-5)*-1?
2
Suppose 2*u + 18 = 2*l, 10 - 36 = -2*l - 2*u. Let s be 4/3 + (-2)/(-3). Suppose -73 = -s*v - l. What is the tens digit of v?
3
Let w be -3 + (3/2)/(1/14). Suppose 0 = -w*c + 17*c + 43. What is the units digit of c?
3
Suppose -f - 45 = -6*f + 4*u, 5*f = -5*u + 45. Suppose 4*k - f = 3. Suppose l + 112 = 4*a - 3*l, k*l - 102 = -3*a. What is the units digit of a?
1
Let i = 1305 - -639. What is the units digit of i?
4
Suppose -15*s + 13827 = 4482. What is the tens digit of s?
2
Suppose 0*r - 30 = -2*r. Suppose -4*f - z = -0*z + r, -3*f + 4*z + 3 = 0. Let w = 7 + f. What is the units digit of w?
4
Suppose -4*k + 5*h + 643 = -k, 2*h = -3*k + 650. Suppose -5*v + 243 = 4*g, -9*g + k = 4*v - 13*g. What is the units digit of v?
1
Suppose 2*g - 42 = -g. Suppose -5*r + 1 = -g, u + 2*r = 10. Suppose 5*j = u*k + 4*j - 29, 5*j + 37 = 2*k. What is the units digit of k?
6
Suppose -4*h + 4 = -4. Suppose 4*f + 44 = h*j + j, 0 = -4*j + 2*f + 62. Suppose -3*x + 0 = 3*l - 36, -x = 5*l - j. What is the tens digit of x?
1
Let s(o) = o**3 - o**2 + 6*o - 4. Let r be 0 + 8/(-4) + 1 + 5. What is the units digit of s(r)?
8
What is the units digit of ((-18192)/60)/(2/(-20))?
2
Let t(z) = 873*z**3 + 18*z - 17. What is the units digit of t(1)?
4
What is the tens digit of 269470/390 + (-4)/(-78)?
9
Suppose 0*u - 4*u = -8. Let p(t) = -8*t + 15*t**u - 25*t**2 + 11*t**2 + 12. What is the units digit of p(9)?
1
Let d = 78 + -48. Let k = 65 - d. What is the units digit of k?
5
Let q(b) be the second derivative of b**4/12 - 7*b**3/6 - b**2/2 - 5*b. Let d be q(5). Let s = -6 - d. What is the units digit of s?
5
Let y(z) = z**2 - 6*z - 2. Let q be y(7). Suppose -285 = -0*l - q*l. Suppose r = -2*r + l. What is the units digit of r?
9
Suppose -g = 5*i - i - 1424, i + 3*g - 367 = 0. What is the units digit of i?
5
Let t(k) = -k**3 + 17*k**2 + 30*k + 28. What is the hundreds digit of t(18)?
2
Suppose -2*b - 3*b + 10 = 0, -2*k = -2*b - 398. What is the units digit of k?
1
Let f(c) = -c**2 + 3. Let x be f(0). What is the tens digit of (x - -23)/(3/6)?
5
Suppose 320*m = 318*m + 10606. What is the thousands digit of m?
5
Let q = -89 + 154. Suppose 2*d - q = 31. What is the units digit of d?
8
Let p(j) = 2*j**2 + j - 2. Let l be p(4). Suppose 0 = -3*h + 6*h + 4*c - l, -4*c = -4*h + 64. What is the units digit of h?
4
Let w = 118 + -4. Suppose -6*b - 5*j = -3*b - w, 0 = 2*j - 6. What is the units digit of b?
3
Suppose 3*h - 6*b = -9*b + 858, 2*h + 4*b - 572 = 0. What is the tens digit of h?
8
Suppose 205 = 21*w - 20*w. What is the tens digit of w?
0
Let t(p) = -p**2 + 42*p - 35. What is the units digit of t(14)?
7
Suppose x + 154 = 3*x. Let f be 196/(-11) + (-14)/x. Let o = -2 - f. What is the tens digit of o?
1
Let x(n) = 3*n**2 - 5 - 4 - 2*n**2 + 5*n. What is the units digit of x(6)?
7
Let b be 33/(-9) + 8/12. Let k = 2 + b. What is the units digit of (k - -2)*(0 - -23)?
3
What is the thousands digit of (-4468)/(4/6*(-9)/6)?
4
Let k be (-1)/(((-21)/1002)/7). Suppose 4*b + k = 2*g, 0 = -6*g + g - 2*b + 883. Suppose 11*m - 16*m + g = 0. What is the tens digit of m?
3
What is the tens digit of (6 - 78/15)*180?
4
Suppose 2817 = -3*d + 6*d - b, 3*b - 939 = -d. What is the tens digit of 